mon divisor of 6372 and 708?
708
What is the highest common factor of 1134 and 2778678?
378
What is the greatest common divisor of 13 and 344981?
13
Calculate the greatest common factor of 992 and 112220.
124
What is the greatest common divisor of 954 and 959247?
477
Calculate the greatest common factor of 931 and 3324601.
931
What is the highest common divisor of 18710 and 890?
10
Calculate the greatest common divisor of 195 and 2414490.
195
Calculate the greatest common divisor of 4608 and 1692.
36
Calculate the highest common divisor of 145332 and 28116.
396
What is the highest common factor of 19194 and 966?
42
What is the highest common factor of 12 and 220212?
12
What is the greatest common factor of 7571655 and 645?
645
Calculate the greatest common divisor of 295 and 80948.
59
Calculate the greatest common divisor of 184 and 37214.
46
Calculate the greatest common divisor of 6656 and 2816.
256
Calculate the highest common divisor of 6202 and 126.
14
What is the highest common factor of 39299 and 39?
13
Calculate the greatest common divisor of 1921 and 37553.
17
Calculate the highest common divisor of 15408 and 324.
36
Calculate the greatest common factor of 17110 and 20.
10
Calculate the highest common factor of 522336 and 32.
32
What is the greatest common divisor of 13706 and 11308?
22
What is the greatest common divisor of 1451 and 12536640?
1451
What is the highest common divisor of 21152 and 98489?
661
Calculate the highest common divisor of 424 and 21836.
212
What is the greatest common divisor of 336684 and 24?
12
Calculate the highest common factor of 75060 and 135.
135
What is the greatest common divisor of 258800 and 200?
200
Calculate the highest common factor of 1478 and 3342497.
739
What is the greatest common factor of 5159 and 308?
77
What is the highest common divisor of 1744 and 63874?
218
What is the greatest common divisor of 648 and 20169?
81
Calculate the greatest common divisor of 1259 and 4.
1
What is the highest common divisor of 4402 and 82218?
142
What is the greatest common divisor of 1640297 and 265?
53
Calculate the greatest common divisor of 4150 and 89308.
166
Calculate the greatest common divisor of 60716 and 172.
172
What is the greatest common factor of 864 and 13240?
8
What is the greatest common factor of 70642 and 10032?
418
What is the highest common divisor of 140 and 1021804?
28
Calculate the highest common factor of 30 and 6109520.
10
Calculate the highest common factor of 63623 and 854.
427
Calculate the highest common factor of 193371 and 1161.
129
What is the highest common divisor of 410907 and 42?
21
Calculate the highest common factor of 48 and 8472.
24
What is the highest common factor of 114735 and 975?
15
What is the highest common divisor of 1136 and 208?
16
Calculate the greatest common factor of 1 and 2537876.
1
Calculate the greatest common factor of 1888714 and 9614.
874
What is the highest common factor of 24 and 2384?
8
Calculate the greatest common factor of 4113414 and 36.
18
Calculate the greatest common factor of 5 and 198355.
5
What is the highest common divisor of 944 and 4838?
118
What is the highest common divisor of 101055 and 4365?
15
Calculate the highest common factor of 784 and 802816.
784
Calculate the greatest common factor of 14 and 259574.
14
Calculate the highest common factor of 17 and 69241.
17
What is the highest common divisor of 52099 and 901?
53
Calculate the greatest common factor of 1454 and 1627753.
727
Calculate the greatest common divisor of 234 and 7371.
117
What is the highest common factor of 7157 and 1207?
17
What is the highest common factor of 45 and 11026755?
45
Calculate the highest common factor of 6331 and 73537.
487
Calculate the greatest common divisor of 5221 and 621.
23
Calculate the greatest common divisor of 13718 and 418.
38
Calculate the greatest common factor of 3439 and 5249.
181
What is the greatest common divisor of 294 and 282?
6
What is the greatest common divisor of 1714 and 7718999?
857
Calculate the greatest common factor of 754 and 172666.
754
Calculate the highest common divisor of 291 and 749907.
291
Calculate the highest common factor of 2653 and 644.
7
What is the highest common divisor of 1594 and 12?
2
Calculate the greatest common factor of 784 and 1911.
49
Calculate the highest common factor of 409761 and 99.
99
Calculate the greatest common divisor of 299204 and 10742.
262
What is the greatest common divisor of 6642 and 45674?
82
What is the greatest common factor of 43 and 129?
43
Calculate the highest common factor of 140399 and 2588.
647
What is the highest common factor of 51 and 2313887?
17
Calculate the highest common divisor of 196060 and 60.
20
Calculate the greatest common factor of 2 and 394170.
2
Calculate the greatest common factor of 10032 and 8151.
627
What is the highest common factor of 32358 and 8?
2
What is the highest common divisor of 1278 and 171?
9
Calculate the greatest common divisor of 177615 and 36.
9
What is the greatest common factor of 2496 and 68?
4
Calculate the highest common factor of 85851 and 279.
9
Calculate the highest common factor of 132 and 583374.
66
What is the greatest common divisor of 8430 and 1080?
30
Calculate the highest common divisor of 62 and 364808.
62
What is the highest common divisor of 113 and 117407?
113
What is the greatest common factor of 4108 and 3757?
13
What is the greatest common factor of 853 and 3765995?
853
Calculate the greatest common factor of 1202904 and 108.
108
Calculate the highest common factor of 18 and 2876022.
18
Calculate the highest common factor of 1243416 and 32.
8
What is the greatest common factor of 13320 and 21600?
360
What is the highest common divisor of 2232 and 5742?
18
What is the greatest common factor of 52 and 456313?
13
Calculate the greatest common factor of 42762 and 294.
6
Calculate the highest common factor of 4308 and 31.
1
What is the highest common factor of 623430 and 90?
90
What is the greatest common divisor of 6633 and 42813?
603
What is the highest common divisor of 8 and 168126?
2
What is the greatest common divisor of 50799 and 63?
21
What is the greatest common divisor of 324 and 3852360?
324
Calculate the highest common divisor of 1785 and 466565.
85
Calculate the highest common factor of 2381244 and 12.
12
What is the highest common factor of 2744 and 1064?
56
What is the highest common factor of 661561 and 57?
19
What is the highest common factor of 319 and 356816?
29
What is the highest common divisor of 260 and 2314390?
130
Calculate the greatest common divisor of 342805 and 1744.
109
Calculate the greatest common factor of 9444 and 60.
12
What is the highest common factor of 392 and 3096?
8
Calculate the highest common factor of 58768 and 64.
16
Calculate the highest common factor of 27 and 3150.
9
Calculate the greatest common divisor of 67 and 120667.
67
What is the highest common factor of 1104 and 161760?
48
Calculate the greatest common factor of 6300 and 19425.
525
Calculate the highest common factor of 2620 and 2020.
20
What is the highest common factor of 9515 and 14905?
55
What is the greatest common divisor of 13939 and 159?
53
Calculate the highest common divisor of 1967 and 14700.
7
What is the greatest common divisor of 8898 and 762?
6
Calculate the greatest common divisor of 2052 and 42516.
36
Calculate the highest common divisor of 74173 and 1089.
121
Calculate the greatest common factor of 426 and 536334.
426
What is the greatest common divisor of 117894 and 882?
294
What is the greatest common divisor of 41567 and 985?
197
Calculate the highest common divisor of 1183100 and 80.
20
Calculate the greatest common divisor of 95125 and 250.
125
Calculate the greatest common divisor of 239717 and 85.
17
Calculate the greatest common factor of 328624 and 1520.
304
Calculate the greatest common factor of 2057908 and 2540.
508
What is the greatest common divisor of 83446 and 506?
22
Calculate the highest common factor of 13902 and 10.
2
Calculate the highest common divisor of 532 and 998564.
532
Calculate the greatest common factor of 4469 and 410.
41
What is the greatest common factor of 1905 and 107340?
15
What is the highest common divisor of 12885 and 75?
15
What is the greatest commo